.
3, 7, 43, 4007
What are the prime factors of 15680171?
13, 17, 70951
What are the prime factors of 581739?
3, 23, 8431
What are the prime factors of 12484369?
2267, 5507
List the prime factors of 5204715.
3, 5, 467, 743
List the prime factors of 36390242.
2, 7, 53047
What are the prime factors of 105006?
2, 3, 11, 37, 43
What are the prime factors of 2784442?
2, 1392221
What are the prime factors of 877339?
313, 2803
List the prime factors of 11127565.
5, 37, 60149
List the prime factors of 170555.
5, 7, 11, 443
What are the prime factors of 736512?
2, 3, 7, 137
List the prime factors of 6918852.
2, 3, 37, 15583
What are the prime factors of 705507?
3, 11, 21379
List the prime factors of 2460611.
37, 73, 911
What are the prime factors of 1407350?
2, 5, 7, 4021
What are the prime factors of 12386750?
2, 5, 49547
List the prime factors of 280794.
2, 3, 53, 883
List the prime factors of 390377.
13, 30029
List the prime factors of 21310.
2, 5, 2131
What are the prime factors of 3702926?
2, 1851463
List the prime factors of 1195776.
2, 3, 173
What are the prime factors of 28145701?
113, 233, 1069
What are the prime factors of 7268017?
7268017
What are the prime factors of 8520163?
8520163
List the prime factors of 1805819.
1805819
List the prime factors of 14837145.
3, 5, 263, 3761
What are the prime factors of 347510?
2, 5, 19, 31, 59
What are the prime factors of 5000905?
5, 7, 13, 29, 379
What are the prime factors of 827710?
2, 5, 13, 6367
What are the prime factors of 207370?
2, 5, 89, 233
What are the prime factors of 1292596?
2, 323149
What are the prime factors of 2081776?
2, 23, 5657
What are the prime factors of 86829?
3, 103, 281
List the prime factors of 9630062.
2, 13, 370387
List the prime factors of 73204.
2, 18301
List the prime factors of 203338.
2, 19, 5351
List the prime factors of 59565.
3, 5, 11, 19
What are the prime factors of 182329?
7, 61
What are the prime factors of 503576?
2, 19, 3313
List the prime factors of 1138386.
2, 3, 337, 563
What are the prime factors of 3740581?
13, 53, 61, 89
What are the prime factors of 5208658?
2, 7, 13, 28619
What are the prime factors of 31874?
2, 15937
What are the prime factors of 13757733?
3, 11, 138967
What are the prime factors of 567160?
2, 5, 11, 1289
What are the prime factors of 3322249?
7, 67801
List the prime factors of 334488.
2, 3, 7, 11, 181
List the prime factors of 2258523.
3, 27883
What are the prime factors of 681459?
3, 227153
List the prime factors of 316268.
2, 17, 4651
What are the prime factors of 131757?
3, 37, 1187
What are the prime factors of 14088534?
2, 3, 2348089
List the prime factors of 12653.
12653
List the prime factors of 311376.
2, 3, 13, 499
What are the prime factors of 1983?
3, 661
What are the prime factors of 644838?
2, 3, 107473
What are the prime factors of 248379?
3, 82793
What are the prime factors of 198099?
3, 11, 23, 29
What are the prime factors of 2723036?
2, 680759
What are the prime factors of 1116286?
2, 53, 10531
List the prime factors of 26251.
26251
List the prime factors of 197586.
2, 3, 3659
List the prime factors of 57272.
2, 7159
What are the prime factors of 8959383?
3, 167, 1987
List the prime factors of 374802.
2, 3, 62467
What are the prime factors of 270766?
2, 37, 3659
What are the prime factors of 1202258?
2, 509, 1181
List the prime factors of 123427.
123427
What are the prime factors of 22374747?
3, 29, 59, 1453
List the prime factors of 613560.
2, 3, 5, 5113
What are the prime factors of 1226025?
3, 5, 5449
List the prime factors of 74111.
37, 2003
What are the prime factors of 2974090?
2, 5, 7, 42487
List the prime factors of 15455288.
2, 541, 3571
List the prime factors of 2670071.
17, 9239
What are the prime factors of 5572039?
11, 17, 83, 359
What are the prime factors of 15034923?
3, 556849
What are the prime factors of 92615?
5, 18523
List the prime factors of 1626673.
1626673
What are the prime factors of 4045419?
3, 7, 157, 409
List the prime factors of 804895.
5, 7, 13, 29, 61
List the prime factors of 2178770.
2, 5, 11, 29, 683
What are the prime factors of 208942?
2, 104471
List the prime factors of 1219297.
1219297
List the prime factors of 70848.
2, 3, 41
What are the prime factors of 929255?
5, 37, 5023
List the prime factors of 123749.
67, 1847
What are the prime factors of 1117689?
3, 29, 443
What are the prime factors of 15009731?
11, 23, 41, 1447
What are the prime factors of 234563?
7, 4787
List the prime factors of 184844.
2, 11, 4201
List the prime factors of 7052800.
2, 5, 19, 29
List the prime factors of 1763584.
2, 83
What are the prime factors of 10017433?
31, 59, 5477
List the prime factors of 237339.
3, 26371
List the prime factors of 11196971.
1187, 9433
What are the prime factors of 384769?
7, 11, 19, 263
What are the prime factors of 53112?
2, 3, 2213
List the prime factors of 263624.
2, 31, 1063
List the prime factors of 325564.
2, 199, 409
List the prime factors of 223970.
2, 5, 22397
List the prime factors of 75893.
29, 2617
List the prime factors of 14115.
3, 5, 941
What are the prime factors of 934290?
2, 3, 5, 7, 1483
List the prime factors of 1549291.
71, 21821
List the prime factors of 955547.
97, 9851
What are the prime factors of 2554504?
2, 319313
List the prime factors of 426608.
2, 7, 13, 293
List the prime factors of 64124.
2, 17, 23, 41
What are the prime factors of 859427?
19, 45233
What are the prime factors of 83442?
2, 3, 13907
What are the prime factors of 1919934?
2, 3, 106663
List the prime factors of 175241.
11, 89, 179
List the prime factors of 1259626.
2, 571, 1103
List the prime factors of 153893.
23, 6691
What are the prime factors of 42825?
3, 5, 571
What are the prime factors of 2752417?
2752417
List the prime factors of 15224617.
15224617
What are the prime factors of 1530304?
2, 23911
List the prime factors of 2233530.
2, 3, 5, 13, 23, 83
What are the prime factors of 1187834?
2, 233, 2549
What are the prime factors of 943100?
2, 5, 9431
What are the prime factors of 541834?
2, 23, 11779
What are the prime factors of 223590?
2, 3, 5, 29, 257
What are the prime factors of 135587?
41, 3307
List the prime factors of 6891180.
2, 3, 5, 43, 2671
What are the prime factors of 352616?
2, 11, 4007
What are the prime factors of 3498371?
53, 149, 443
List the prime factors of 13202776.
2, 31, 139, 383
List the prime factors of 406807.
406807
What are the prime factors of 31100?
2, 5, 311
List the prime factors of 238576.
2, 13, 31, 37
What are the prime factors of 365917?
277, 1321
List the prime factors of 7443897.
3, 503, 4933
What are the prime factors of 152202?
2, 3, 25367
List the prime factors of 3698904.
2, 3, 11, 14011
What are the prime factors of 227616?
2, 3, 2371
What are the prime factors of 372011?
17, 79, 277
What are the prime factors of 17110595?
5, 3422119
What are the prime factors of 212535?
3, 5, 4723
List the prime factors of 3903282.
2, 3, 41, 43
List the prime factors of 19134711.
3, 236231
List the prime factors of 15951650.
2, 5, 11, 13, 23, 97
List the prime factors of 9666207.
3, 1074023
List the prime factors of 344445.
3, 5, 22963
What are the prime factors of 11224500?
2, 3, 5, 7, 1069
What are the prime factors of 6105601?
17, 359153
List the prime factors of 441153.
3, 16339
List the prime factors of 996685.
5, 199337
What are the prime factors of 1759967?
11, 193, 829
List the prime factors of 2466291.
3, 61, 13477
What are the prime factors of 1447835?
5, 47, 61, 101
List the prime factors of 414115.
5, 13, 23, 277
What are the prime factors of 9041279?
13, 41, 16963
What are the prime factors of 1196850?
2, 3, 5, 79, 101
What are the prime factors of 3614175?
3, 5, 16063
What are the prime factors of 154477?
179, 863
List the prime factors of 1999258.
2, 37, 27017
What are the prime factors of 1548783?
3, 37, 4651
List the prime factors of 3447326.
2, 89, 107, 181
What are the prime factors of 649221?
3, 23, 97
List the prime factors of 120880.
2, 5, 1511
List the prime factors of 267533.
7, 38219
List the prime factors of 3571865.
5, 11, 101, 643
List the prime factors of 20034.
2, 3, 7, 53
What are the prime factors of 1185992?
2, 148249
List the prime factors of 163711.
31, 5281
What are the prime factors of 18714035?
5, 53,